*q + 9 = -21*q. Let a = 16 + q. Suppose -a*x + 1181 = -3978. Is x composite?
True
Let o = -83656 + 148209. Is o prime?
True
Is 31984 - (176/56)/((-24)/(-84)) a prime number?
True
Suppose 22 = -2*o - 5*n, -5*o + 2*n - 18 - 8 = 0. Let w be o*7/(-42)*3261/1. Suppose -22*z - w = -25*z. Is z prime?
True
Suppose 3*s - 454261 = -5*l, -16*s = -12*s - 2*l - 605664. Suppose -4*u - 3*u + s = 0. Is u a composite number?
True
Let g = 1795600 - 405161. Is g a prime number?
False
Let q(f) = 5*f - 18. Suppose 5*y - 10 = 10. Let x be q(y). Suppose 0*t - 1071 = -3*t - 3*p, -x*p + 355 = t. Is t a prime number?
True
Suppose 23 + 31 = 6*z. Is (z/3)/6*23702/7 a composite number?
False
Let s(t) = 21460*t + 161. Is s(8) composite?
True
Suppose 4823 = 7*s - 24514. Let c = 23506 - s. Is c a prime number?
False
Is (-773842 + 0)*(1395/(-270) + (-32)/(-12)) composite?
True
Let z(p) = p**3 - 6*p**2 - p + 8. Let b be z(6). Suppose 8398 + 14301 = b*i + 3*q, 2*i - 22703 = q. Is i prime?
True
Let t(v) = 15*v**3 - 5*v**2 + 6*v - 35. Let j = -375 - -379. Is t(j) a composite number?
True
Let h(z) = 1121*z - 8. Let r be h(-10). Let p = 6836 + r. Let j = 9013 + p. Is j a prime number?
False
Let p(d) = -d**3 + 10*d**2 - 18*d - 19. Let g be p(5). Suppose 11*t = g*t - 1675. Is t a composite number?
True
Suppose -55*i + 3123121 = -1953214. Is i composite?
False
Let t = 40265 + -21144. Is t a composite number?
False
Suppose -2*f + 10 = 0, 21*f = -5*n + 16*f + 282090. Is n prime?
False
Let t(b) = -28 + 17*b**2 + 6 + b**3 - 81 + 5*b**2 - 6 - 23*b. Is t(-20) a composite number?
False
Suppose -4*w + 17 = -i, -5*i + 6*w - 7*w + 20 = 0. Suppose 7*k - 9*k = -i*y - 111914, 3*k - y = 167857. Is k a prime number?
False
Is (-18)/198 - 147852/(-11) prime?
True
Suppose 7 = 2*u + 11, 5*u = 2*f - 10. Suppose f = -6*d + 5 + 13. Is 1/(-1*(-1)/1058) - d prime?
False
Suppose 0 = -3*w + 3*s + 178515, 36*w + 297543 = 41*w + 4*s. Is w a composite number?
True
Let y = 221 + -156. Is ((y/(-10))/((-1)/118))/1 a composite number?
True
Let u = -26321 + 43602. Suppose 0*i - u = -2*d + 5*i, d = -5*i + 8618. Is d composite?
True
Let p(u) = u**3 + 2*u - 36151. Let z be p(0). Let j = -19918 - z. Is 1/(-2) - j/(-6) a prime number?
False
Suppose 0 = 2*c - 3*x - 185, -18 = -3*c - 3*x + 282. Suppose 4*p + 391 + c = 0. Let v = 228 + p. Is v composite?
True
Let g = -52480 + -17893. Let n = -37740 - g. Is n prime?
True
Suppose 29*n + 30390895 = 104*n - 32*n. Is n a prime number?
False
Let k = 10042 - -3411. Is k a prime number?
False
Let z(o) = 7*o**2 - 58*o - 60. Is z(23) a prime number?
True
Let p be (-9433)/4*(3 + 1). Let s = p - -15818. Is s prime?
False
Suppose -5*s - 591630 = -11*s. Suppose q - 59170 = 3*x, 5*x + 8*q + s = 12*q. Is x/(-21) + (-12)/42 prime?
False
Let z(h) = -5779*h**3 + 4*h**2 + 60*h + 56. Is z(-1) composite?
False
Let z = 4638 + -3152. Let f = z + -920. Is f composite?
True
Let u(p) = 3*p**2 + 17*p - 16. Let r be u(-15). Suppose -10*v = -10211 + 1761. Suppose 0 = o - v - r. Is o a prime number?
True
Let p(i) = -2*i + 11. Let q be p(4). Suppose -b + 1 = -q, -3*u = -5*b - 721. Suppose 7*t + u = 1584. Is t a prime number?
True
Suppose 715141 + 224331 = 16*m. Is m a prime number?
False
Let f = 14526 - -31675. Is f a prime number?
False
Let s(m) = -5*m**2 - 23*m - 7. Let w be s(-4). Suppose u - 2*u + w*l + 11571 = 0, -5*l = 4*u - 46384. Is u composite?
True
Suppose -14*j + 17*j = 0. Suppose 5*h - 2*h + 5*b - 87608 = j, 4*h - 116801 = 3*b. Is h a prime number?
True
Suppose 0 = -4*i - 13 - 43. Let o = 3 - 27. Is (i - o)*(-2062)/(-4) a composite number?
True
Let y = 68 - 63. Suppose -y*h + 2*a + 12176 = 0, 3*h - 7290 = -a - 3*a. Is h a composite number?
True
Let t = -3 - 74. Let p = t - -92. Suppose c = 2*n - 3675, 16*n - c = p*n + 1838. Is n prime?
False
Let t be (-44424)/(-19) + 1 - 130/1235. Let n = t - 1480. Is n a prime number?
True
Suppose 17*s = 42641 + 896. Let g = s - 1524. Is g composite?
True
Let x(m) = 11 - 8 + 126*m**2 + 0 + 1 + 49*m. Is x(9) a composite number?
False
Suppose -9*y + 4*y = -15. Suppose -12 = 3*q - y*x, 4*q - x + 15 = 2*x. Is q*-191*5/15 a composite number?
False
Let m = -8 + 11. Suppose 52 = 3*a - 3*y - 2*y, m*a - 2*y - 37 = 0. Suppose -5*g = -a*g + 6980. Is g prime?
False
Suppose 0 = -2*s - s - 2*v + 14, 2*s - 3*v = -8. Suppose 9 + 11 = s*f. Is ((-2)/(f/(-1135)))/(2/4) a composite number?
True
Let b be 28/7 + -2 + 3. Suppose 13 = -4*z - 3, -b*u - 2*z + 1062 = 0. Suppose 0 = 4*x - 20, 3*c - 3*x = 1696 - u. Is c a composite number?
False
Let h = -678 + 458. Let y = h - -31. Let t = y - -334. Is t a composite number?
True
Suppose 66450 = 3*c - 4*i, 0 = 2*c - 5*c - 5*i + 66423. Let b = c - 12139. Is b a composite number?
False
Let v = -490 + -1475. Let z = v - -4138. Is z a prime number?
False
Let i = 251229 + -169072. Is i a prime number?
False
Let y(j) = j**3 + 32*j**2 + 2*j + 66. Let w be y(-32). Suppose -3*b - 4*f + w*f = -8458, 0 = -b + 2*f + 2814. Is b prime?
False
Suppose 8 = 4*y - 2*y - 2*x, 12 = 3*y + x. Suppose 0 = -4*z + 4*s + 16, -3*z + 5*z = y*s - 2. Let f(k) = 62*k - 17. Is f(z) a composite number?
False
Suppose -9984 = 14*q + 3918. Is (q/9)/((-88)/(-24) - 4) prime?
True
Suppose 2*n + 7 - 17 = 0. Suppose n*r - 4 = 6*r. Is (942 + 0)/(-2 - r) composite?
True
Is 11/(-22) - (-92658)/12 composite?
True
Let v(y) = 3*y**2 + 20*y + 14. Let k be v(-6). Suppose 4*b - 7584 - 36466 = -2*g, -b = -k*g - 11025. Is b composite?
True
Suppose -3*k - 2*h + 5 = 0, 2*k + 1 = -5*h + 8. Let p be (42/(-28))/(k/(-258)). Let s = 718 - p. Is s a composite number?
False
Suppose 3297 = -191*k + 203*k - 4491. Is k a prime number?
False
Suppose 0 = 4*q - 5*q + 6. Suppose q*a = 11*a - 2605. Is a composite?
False
Suppose -2*i - 2*i - 3*i = 0. Suppose 3*r - 15 + 3 = i. Is (-4 - (-893)/4)*r prime?
True
Suppose -3*d + 52244 = 7*i, 0 = -d - 4*d - 5*i + 87080. Is d a prime number?
True
Let v(x) = -x**2 - 13*x + 2. Let m be v(-11). Let o = m - 32. Let c(q) = -2*q**3 - 6*q**2 + 7*q + 3. Is c(o) prime?
True
Suppose 3554 = u - 3*d, 3*d = 4*u - 0*d - 14234. Let c = u + -1695. Is c composite?
True
Suppose -d = 3*a - 385, 0 = -26*d + 29*d + 3*a - 1179. Is d composite?
False
Let y = 18787 + 4233. Suppose 4*g - y = -9288. Is g a composite number?
False
Is (-4769287)/(-9) - (-244)/1098 a prime number?
False
Suppose -40*m - 1174126 = -10177581 - 8664185. Is m prime?
False
Suppose -2*d + 127022 = 4*n, -3*n + 5*d + 1586 + 93661 = 0. Is n a prime number?
False
Let a(n) = n**2 + n + 1. Let x(q) = 101*q**2 + 3*q - 27. Let c(b) = 2*a(b) - x(b). Let d(y) be the first derivative of c(y). Is d(-2) a composite number?
True
Let j = -5 - -25. Let m be 4/(-10) + 37308/j. Suppose 5*q - 7320 = -5*b + m, -b + 1849 = -2*q. Is b prime?
False
Let k be (28 - -5)/((-1)/3). Let b = -96 - k. Let q(s) = 27*s**2 + 2*s + 2. Is q(b) a composite number?
False
Let b(l) = -158*l**3 + 14*l**2 + 9*l + 160. Is b(-9) a composite number?
True
Suppose -19 - 1 = -2*u - 4*g, -24 = -5*u + 3*g. Let a(m) = m**2 + m + 1. Let w(t) = -203*t**2 + 2*t + 11. Let h(o) = u*a(o) - w(o). Is h(2) a prime number?
True
Let u be ((-1370)/(-274))/((-10)/(-4)*1). Is 1254 - (u - 0)*6/(-12) a composite number?
True
Let j(t) = 67*t - 79. Suppose 10 = -5*r, -5*w = -2*r - r - 136. Is j(w) a composite number?
False
Suppose 91*i = -140*i + 8804103. Is i composite?
False
Let p(c) = 7564*c**2 + 130*c - 3961. Is p(21) a composite number?
False
Let z = -10652 + 20659. Is z composite?
False
Suppose -38 = 17*f - 123. Let y(w) = 5*w**3 - w**2 - w + 1. Let d be y(1). Suppose -f*u + 3*q + 1069 = -4*u, d*u + q = 4328. Is u a prime number?
False
Suppose -677026 = -8*r - 2*u - u, -u + 338514 = 4*r. Is r prime?
True
Let c = 17073 + -6669. Let l = c - 7045. Is l prime?
True
Let k(z) = -279*z + 157. Let s(x) = -2*x**2 - 5*x + 55. Let p be s(5). Is k(p) prime?
True
Let r be (-2 - 1) + 3*10/6. Suppose 4*x = -x + 2*n + 932, 3*x + r*n = 556. Let f = x - 8. Is f prime?
False
Let q(b) = 18542*b - 1647. Is q(10) prime?
False
Let s(d) = -44*d**3 - 2*d**2 + 2*d + 27. Let o be s(-12). Is (-5)/20 + o/28 a composite number?
True
Suppose 0 = -8*u + 4*u + 8. Suppose -m - 2*w - 18 = -4*w, u*m - 3*w + 31 = 0. Is (-2009)/m + 5/(-40) a composite number?
False
Let n = 4789 + -3168. Suppose 5*s + 3*r + n = 0, 